{"id":170,"date":"2026-02-11T11:16:19","date_gmt":"2026-02-11T14:16:19","guid":{"rendered":"https:\/\/hexasmart.com.br\/hexaclima\/?post_type=product&#038;p=170"},"modified":"2026-04-16T08:57:01","modified_gmt":"2026-04-16T11:57:01","slug":"hexa-clima-basico","status":"publish","type":"product","link":"https:\/\/hexasmart.com.br\/hexaclima\/produto\/hexa-clima-basico\/","title":{"rendered":"Hexa Clima B\u00e1sico"},"content":{"rendered":"<p><strong>Hexa Clima \u2013 Mais que uma esta\u00e7\u00e3o meteorol\u00f3gica<\/strong><\/p>\n<p>O Hexa Clima \u00e9 uma esta\u00e7\u00e3o meteorol\u00f3gica modular desenvolvida para monitoramento ambiental inteligente, com coleta autom\u00e1tica de dados e integra\u00e7\u00e3o direta \u00e0 plataforma online HexaCloud.<\/p>\n<p>Com tecnologia 100% nacional, a solu\u00e7\u00e3o foi projetada para atender escolas, universidades, projetos cient\u00edficos, propriedades rurais e \u00f3rg\u00e3os p\u00fablicos que buscam dados clim\u00e1ticos locais confi\u00e1veis e em tempo real.<\/p>\n<p><strong>Monitoramento em tempo real<\/strong><\/p>\n<p>A esta\u00e7\u00e3o realiza leituras a cada minuto e envia automaticamente os dados para o dashboard online, permitindo:<\/p>\n<ul>\n<li>Visualiza\u00e7\u00e3o em tempo real<\/li>\n<li>Acesso ao hist\u00f3rico de dados<\/li>\n<li>Gr\u00e1ficos individuais por vari\u00e1vel<\/li>\n<li>Configura\u00e7\u00e3o de alertas clim\u00e1ticos<\/li>\n<\/ul>\n<p>&nbsp;<\/p>\n<p><strong>Sensores integrados no kit<\/strong><\/p>\n<p>O Kit Hexa Clima B\u00e1sico inclui:<\/p>\n<ul>\n<li>1 Anem\u00f4metro (sensor de velocidade do vento)<\/li>\n<li>1 Sensor de temperatura<\/li>\n<li>1 Sensor de umidade relativa do ar<\/li>\n<li>1 Sensor de press\u00e3o atmosf\u00e9rica<\/li>\n<li>1 Sensor de luminosidade<\/li>\n<li>1 Sensor de compostos vol\u00e1teis (CO\u2082 equivalente)<\/li>\n<li>1 Hexa Hub (m\u00f3dulo central de integra\u00e7\u00e3o)<\/li>\n<li>1 Hex\u00e1gono Suporte Sensores (montado com travas) v2.0 IoT (3D)<\/li>\n<li>1 Carregador KC9A Tipo micro-USB (com cabo)<\/li>\n<li>1 Cabo de dados USB-C (com 1m de comprimento) [AM x tipo-C]<\/li>\n<li>1 Cabo Extensor IoT (3m)<\/li>\n<\/ul>\n<p>&nbsp;<\/p>\n<p><strong>Ideal para diferentes aplica\u00e7\u00f5es<\/strong><\/p>\n<ul>\n<li>Projetos educacionais e interdisciplinares<\/li>\n<li>Pesquisas cient\u00edficas e estudos de microclima<\/li>\n<li>Monitoramento para defesa civil<\/li>\n<li>Gest\u00e3o p\u00fablica e planejamento urbano<\/li>\n<li>Agricultura e uso produtivo<\/li>\n<\/ul>\n<p>&nbsp;<\/p>\n<p><strong>Tecnologia acess\u00edvel e vers\u00e1til<\/strong><\/p>\n<p>O Hexa Clima foi desenvolvida para ser de f\u00e1cil instala\u00e7\u00e3o e adapt\u00e1vel a diferentes ambientes, podendo ser instalada em resid\u00eancias, escolas, pr\u00e9dios p\u00fablicos ou propriedades rurais.<\/p>\n<p>Uma solu\u00e7\u00e3o completa para quem deseja transformar dados clim\u00e1ticos em conhecimento, preven\u00e7\u00e3o e tomada de decis\u00e3o.<\/p>\n","protected":false},"excerpt":{"rendered":"<p>A Hexa Clima \u00e9 uma esta\u00e7\u00e3o meteorol\u00f3gica modular, com sensores integrados e envio de dados em tempo real para a plataforma HexaCloud. Desenvolvida com tecnologia 100% nacional, \u00e9 ideal para educa\u00e7\u00e3o, pesquisa, monitoramento ambiental, agricultura e gest\u00e3o p\u00fablica.<\/p>\n","protected":false},"featured_media":171,"comment_status":"open","ping_status":"closed","template":"","meta":[],"product_brand":[],"product_cat":[20],"product_tag":[],"class_list":{"0":"post-170","1":"product","2":"type-product","3":"status-publish","4":"has-post-thumbnail","6":"product_cat-sem-categoria","8":"first","9":"instock","10":"sale","11":"shipping-taxable","12":"purchasable","13":"product-type-simple"},"_links":{"self":[{"href":"https:\/\/hexasmart.com.br\/hexaclima\/wp-json\/wp\/v2\/product\/170","targetHints":{"allow":["GET"]}}],"collection":[{"href":"https:\/\/hexasmart.com.br\/hexaclima\/wp-json\/wp\/v2\/product"}],"about":[{"href":"https:\/\/hexasmart.com.br\/hexaclima\/wp-json\/wp\/v2\/types\/product"}],"replies":[{"embeddable":true,"href":"https:\/\/hexasmart.com.br\/hexaclima\/wp-json\/wp\/v2\/comments?post=170"}],"wp:featuredmedia":[{"embeddable":true,"href":"https:\/\/hexasmart.com.br\/hexaclima\/wp-json\/wp\/v2\/media\/171"}],"wp:attachment":[{"href":"https:\/\/hexasmart.com.br\/hexaclima\/wp-json\/wp\/v2\/media?parent=170"}],"wp:term":[{"taxonomy":"product_brand","embeddable":true,"href":"https:\/\/hexasmart.com.br\/hexaclima\/wp-json\/wp\/v2\/product_brand?post=170"},{"taxonomy":"product_cat","embeddable":true,"href":"https:\/\/hexasmart.com.br\/hexaclima\/wp-json\/wp\/v2\/product_cat?post=170"},{"taxonomy":"product_tag","embeddable":true,"href":"https:\/\/hexasmart.com.br\/hexaclima\/wp-json\/wp\/v2\/product_tag?post=170"}],"curies":[{"name":"wp","href":"https:\/\/api.w.org\/{rel}","templated":true}]}}